{"id":429,"date":"2020-02-12T15:03:42","date_gmt":"2020-02-12T15:03:42","guid":{"rendered":"http:\/\/forrajeraelizondo.com\/?page_id=429"},"modified":"2020-02-12T16:27:55","modified_gmt":"2020-02-12T16:27:55","slug":"faqs-farmacia-veterinaria","status":"publish","type":"page","link":"https:\/\/forrajeraelizondo.com\/index.php\/faqs-farmacia-veterinaria\/","title":{"rendered":"FAQS Farmacia Veterinaria"},"content":{"rendered":"<p>[vc_row][vc_column][vc_column_text]<div class='ufaq-faq-list' id='ufaq-faq-list'><style>.ewd-ufaq-post-margin-symbol { }\n.ewd-ufaq-post-margin-symbol span { }\n.ufaq-faq-display-style-Block.ewd-ufaq-post-active, .ufaq-faq-display-style-Block.ewd-ufaq-post-active a,.ufaq-faq-display-style-Block:hover, .ufaq-faq-display-style-Block:hover a, .ufaq-faq-display-style-Block:hover h4 { }\n.ufaq-faq-display-style-Border_Block.ewd-ufaq-post-active, .ufaq-faq-display-style-Border_Block:hover, .ufaq-faq-display-style-Border_Block:hover h1, .ufaq-faq-display-style-Border_Block:hover h2, .ufaq-faq-display-style-Border_Block:hover h3, .ufaq-faq-display-style-Border_Block:hover h4, .ufaq-faq-display-style-Border_Block:hover h5, .ufaq-faq-display-style-Border_Block:hover h6 { }\n.ufaq-faq-display-style-Border_Block .ufaq-faq-body { }\n.ufaq-faq-display-style-Border_Block .comment-reply-title, .ufaq-faq-display-style-Border_Block:hover .comment-reply-title { background-color: transparent !important;}\ndiv.ufaq-faq-category-title h4 h4 { }\n.ufaq-faq-header-title a{ }\ndiv.ufaq-faq-title h4 { }\n.ewd-ufaq-post-margin-symbol { }\ndiv.ufaq-faq-post p { }\ndiv.ufaq-faq-body, .ufaq-faq-display-style-Border_Block .ufaq-faq-body { }\ndiv.ewd-ufaq-author-date { }\ndiv.ufaq-faq-categories, div.ufaq-faq-tags { }\n<\/style><script language='JavaScript' type='text\/javascript'>var faq_accordion = true;var faq_scroll = false;var reveal_effect = 'none';<\/script><div class='ewd-ufaq-faqs'><div class='ufaq-faq-category'><div class='ufaq-faq-category-title' data-categoryid='40-Tdd'><h4>Farmacia Veterinaria<\/span><\/h4><\/div><div class='ufaq-faq-category-inner' id='ufaq-faq-category-body-40-Tdd'><div class='ufaq-faq-div ufaq-faq-column-count-One ufaq-faq-responsive-columns- ufaq-faq-display-style-Default' id='ufaq-post-Tdd-335-0' data-postid='Tdd-335-0'><div class='ufaq-faq-title ufaq-faq-toggle' id='ufaq-title-335' data-postid='Tdd-335-0'><a class='ewd-ufaq-post-margin'  href='https:\/\/forrajeraelizondo.com\/index.php\/ufaqs\/ustedes-tienen-vitaminas-para-caballos-de-la-serie-americana\/'><div class='ewd-ufaq-post-margin-symbol ' id='ewd-ufaq-post-margin-symbol-Tdd-335-0'><span id='ewd-ufaq-post-symbol-Tdd-335-0'>a<\/span><\/div><div class='ufaq-faq-title-text'><h4>\u00bfUstedes tienen vitaminas para caballos de la serie Americana?<\/h4><\/div><div class='ewd-ufaq-clear'><\/div><\/a><\/div><div class='ufaq-faq-body ufaq-body-335 ewd-ufaq-hidden' id='ufaq-body-Tdd-335-0'><div class='ewd-ufaq-post-margin ufaq-faq-post' id='ufaq-post-335'><p>Si manejamos una amplia gama de art\u00edculos y medicamentos para caballos, como la serie americana que son: Han Super, Liver 7, Vitamina B Complex, Cyanocobalamin, Vita 15.<\/p>\n<\/div><div class='ufaq-faq-categories' id='ufaq-categories-335'>Category: <a  href='\/index.php\/wp-json\/wp\/v2\/pages\/429?include_category=farmacia-veterinaria'>Farmacia Veterinaria<\/a><\/div><div class='ufaq-permalink'><a href='https:\/\/forrajeraelizondo.com\/index.php\/faqs-farmacia-veterinaria\/?Display_FAQ=335'>Permalink<div class='ufaq-permalink-image'><\/div><\/a><\/div><\/div><\/div><div class='ufaq-faq-div ufaq-faq-column-count-One ufaq-faq-responsive-columns- ufaq-faq-display-style-Default' id='ufaq-post-Tdd-334-1' data-postid='Tdd-334-1'><div class='ufaq-faq-title ufaq-faq-toggle' id='ufaq-title-334' data-postid='Tdd-334-1'><a class='ewd-ufaq-post-margin'  href='https:\/\/forrajeraelizondo.com\/index.php\/ufaqs\/manejan-algun-medicamento-para-problemas-de-cascos-en-los-caballos\/'><div class='ewd-ufaq-post-margin-symbol ' id='ewd-ufaq-post-margin-symbol-Tdd-334-1'><span id='ewd-ufaq-post-symbol-Tdd-334-1'>a<\/span><\/div><div class='ufaq-faq-title-text'><h4>\u00bfManejan alg\u00fan medicamento para problemas de cascos en los caballos?<\/h4><\/div><div class='ewd-ufaq-clear'><\/div><\/a><\/div><div class='ufaq-faq-body ufaq-body-334 ewd-ufaq-hidden' id='ufaq-body-Tdd-334-1'><div class='ewd-ufaq-post-margin ufaq-faq-post' id='ufaq-post-334'><p>Si son varios productos entre ellos est\u00e1 el Coppersept para aguaduras  y formaci\u00f3n de hongos en los cascos.<\/p>\n<\/div><div class='ufaq-faq-categories' id='ufaq-categories-334'>Category: <a  href='\/index.php\/wp-json\/wp\/v2\/pages\/429?include_category=farmacia-veterinaria'>Farmacia Veterinaria<\/a><\/div><div class='ufaq-permalink'><a href='https:\/\/forrajeraelizondo.com\/index.php\/faqs-farmacia-veterinaria\/?Display_FAQ=334'>Permalink<div class='ufaq-permalink-image'><\/div><\/a><\/div><\/div><\/div><div class='ufaq-faq-div ufaq-faq-column-count-One ufaq-faq-responsive-columns- ufaq-faq-display-style-Default' id='ufaq-post-Tdd-333-2' data-postid='Tdd-333-2'><div class='ufaq-faq-title ufaq-faq-toggle' id='ufaq-title-333' data-postid='Tdd-333-2'><a class='ewd-ufaq-post-margin'  href='https:\/\/forrajeraelizondo.com\/index.php\/ufaqs\/con-que-puedo-combatir-las-garrapatas-en-mi-perro\/'><div class='ewd-ufaq-post-margin-symbol ' id='ewd-ufaq-post-margin-symbol-Tdd-333-2'><span id='ewd-ufaq-post-symbol-Tdd-333-2'>a<\/span><\/div><div class='ufaq-faq-title-text'><h4>\u00bfCon que puedo combatir las garrapatas en mi perro?<\/h4><\/div><div class='ewd-ufaq-clear'><\/div><\/a><\/div><div class='ufaq-faq-body ufaq-body-333 ewd-ufaq-hidden' id='ufaq-body-Tdd-333-2'><div class='ewd-ufaq-post-margin ufaq-faq-post' id='ufaq-post-333'><p>Dar una desparasitaci\u00f3n y fumigar el \u00e1rea donde est\u00e1 la mascota y dar un ba\u00f1o garrapaticida cada 7 d\u00edas dependiendo la infestaci\u00f3n.  Otra opciones usar las pipetas de aceite garrapaticida  Frontline del laboratorio Merial, Adavntix de  Bayer.<\/p>\n<\/div><div class='ufaq-faq-categories' id='ufaq-categories-333'>Category: <a  href='\/index.php\/wp-json\/wp\/v2\/pages\/429?include_category=farmacia-veterinaria'>Farmacia Veterinaria<\/a><\/div><div class='ufaq-permalink'><a href='https:\/\/forrajeraelizondo.com\/index.php\/faqs-farmacia-veterinaria\/?Display_FAQ=333'>Permalink<div class='ufaq-permalink-image'><\/div><\/a><\/div><\/div><\/div><div class='ufaq-faq-div ufaq-faq-column-count-One ufaq-faq-responsive-columns- ufaq-faq-display-style-Default' id='ufaq-post-Tdd-332-3' data-postid='Tdd-332-3'><div class='ufaq-faq-title ufaq-faq-toggle' id='ufaq-title-332' data-postid='Tdd-332-3'><a class='ewd-ufaq-post-margin'  href='https:\/\/forrajeraelizondo.com\/index.php\/ufaqs\/que-tipo-de-manejo-puedo-hacer-para-tener-a-mi-ganado-sano\/'><div class='ewd-ufaq-post-margin-symbol ' id='ewd-ufaq-post-margin-symbol-Tdd-332-3'><span id='ewd-ufaq-post-symbol-Tdd-332-3'>a<\/span><\/div><div class='ufaq-faq-title-text'><h4>\u00bfQu\u00e9 tipo de manejo puedo hacer para tener a mi ganado sano?<\/h4><\/div><div class='ewd-ufaq-clear'><\/div><\/a><\/div><div class='ufaq-faq-body ufaq-body-332 ewd-ufaq-hidden' id='ufaq-body-Tdd-332-3'><div class='ewd-ufaq-post-margin ufaq-faq-post' id='ufaq-post-332'><p>Primeramente llevar una calendarizaci\u00f3n  de vacunaci\u00f3n, desparacitaci\u00f3n y ba\u00f1os garrapaticidas como complemento de una buena nutrici\u00f3n.<\/p>\n<\/div><div class='ufaq-faq-categories' id='ufaq-categories-332'>Category: <a  href='\/index.php\/wp-json\/wp\/v2\/pages\/429?include_category=farmacia-veterinaria'>Farmacia Veterinaria<\/a><\/div><div class='ufaq-permalink'><a href='https:\/\/forrajeraelizondo.com\/index.php\/faqs-farmacia-veterinaria\/?Display_FAQ=332'>Permalink<div class='ufaq-permalink-image'><\/div><\/a><\/div><\/div><\/div><div class='ufaq-faq-div ufaq-faq-column-count-One ufaq-faq-responsive-columns- ufaq-faq-display-style-Default' id='ufaq-post-Tdd-331-4' data-postid='Tdd-331-4'><div class='ufaq-faq-title ufaq-faq-toggle' id='ufaq-title-331' data-postid='Tdd-331-4'><a class='ewd-ufaq-post-margin'  href='https:\/\/forrajeraelizondo.com\/index.php\/ufaqs\/que-laboratorios-manejan\/'><div class='ewd-ufaq-post-margin-symbol ' id='ewd-ufaq-post-margin-symbol-Tdd-331-4'><span id='ewd-ufaq-post-symbol-Tdd-331-4'>a<\/span><\/div><div class='ufaq-faq-title-text'><h4>\u00bfQu\u00e9 laboratorios manejan?<\/h4><\/div><div class='ewd-ufaq-clear'><\/div><\/a><\/div><div class='ufaq-faq-body ufaq-body-331 ewd-ufaq-hidden' id='ufaq-body-Tdd-331-4'><div class='ewd-ufaq-post-margin ufaq-faq-post' id='ufaq-post-331'><p>Manejamos una amplia gama de laboratorios entre ellos Bayer, Merial, Lapisa, Holland, Animal Care,  Tornel, Pisa, Equizan, Farnam, Formula 707, Absorbine, Aranda entre otros.<\/p>\n<\/div><div class='ufaq-faq-categories' id='ufaq-categories-331'>Category: <a  href='\/index.php\/wp-json\/wp\/v2\/pages\/429?include_category=farmacia-veterinaria'>Farmacia Veterinaria<\/a><\/div><div class='ufaq-permalink'><a href='https:\/\/forrajeraelizondo.com\/index.php\/faqs-farmacia-veterinaria\/?Display_FAQ=331'>Permalink<div class='ufaq-permalink-image'><\/div><\/a><\/div><\/div><\/div><div class='ufaq-faq-div ufaq-faq-column-count-One ufaq-faq-responsive-columns- ufaq-faq-display-style-Default' id='ufaq-post-Tdd-330-5' data-postid='Tdd-330-5'><div class='ufaq-faq-title ufaq-faq-toggle' id='ufaq-title-330' data-postid='Tdd-330-5'><a class='ewd-ufaq-post-margin'  href='https:\/\/forrajeraelizondo.com\/index.php\/ufaqs\/tengo-unas-gallinas-que-quiero-vacunar-contra-colera-y-new-castle-que-me-recomiendan\/'><div class='ewd-ufaq-post-margin-symbol ' id='ewd-ufaq-post-margin-symbol-Tdd-330-5'><span id='ewd-ufaq-post-symbol-Tdd-330-5'>a<\/span><\/div><div class='ufaq-faq-title-text'><h4>Tengo unas gallinas que quiero vacunar contra c\u00f3lera y new castle, \u00bfQu\u00e9 me recomiendan?<\/h4><\/div><div class='ewd-ufaq-clear'><\/div><\/a><\/div><div class='ufaq-faq-body ufaq-body-330 ewd-ufaq-hidden' id='ufaq-body-Tdd-330-5'><div class='ewd-ufaq-post-margin ufaq-faq-post' id='ufaq-post-330'><p>Triple aviar.<\/p>\n<\/div><div class='ufaq-faq-categories' id='ufaq-categories-330'>Category: <a  href='\/index.php\/wp-json\/wp\/v2\/pages\/429?include_category=farmacia-veterinaria'>Farmacia Veterinaria<\/a><\/div><div class='ufaq-permalink'><a href='https:\/\/forrajeraelizondo.com\/index.php\/faqs-farmacia-veterinaria\/?Display_FAQ=330'>Permalink<div class='ufaq-permalink-image'><\/div><\/a><\/div><\/div><\/div><div class='ufaq-faq-div ufaq-faq-column-count-One ufaq-faq-responsive-columns- ufaq-faq-display-style-Default' id='ufaq-post-Tdd-329-6' data-postid='Tdd-329-6'><div class='ufaq-faq-title ufaq-faq-toggle' id='ufaq-title-329' data-postid='Tdd-329-6'><a class='ewd-ufaq-post-margin'  href='https:\/\/forrajeraelizondo.com\/index.php\/ufaqs\/tengo-unas-becerras-que-estoy-recibiendo-que-tienen-para-la-neumonia-y-el-manejo\/'><div class='ewd-ufaq-post-margin-symbol ' id='ewd-ufaq-post-margin-symbol-Tdd-329-6'><span id='ewd-ufaq-post-symbol-Tdd-329-6'>a<\/span><\/div><div class='ufaq-faq-title-text'><h4>Tengo unas becerras que estoy recibiendo \u00bfQu\u00e9 tienen para la neumon\u00eda y el manejo?<\/h4><\/div><div class='ewd-ufaq-clear'><\/div><\/a><\/div><div class='ufaq-faq-body ufaq-body-329 ewd-ufaq-hidden' id='ufaq-body-Tdd-329-6'><div class='ewd-ufaq-post-margin ufaq-faq-post' id='ufaq-post-329'><p>Bovimune Single Shot 5 ml x animal o Lapibac triple Bovina.<\/p>\n<\/div><div class='ufaq-faq-categories' id='ufaq-categories-329'>Category: <a  href='\/index.php\/wp-json\/wp\/v2\/pages\/429?include_category=farmacia-veterinaria'>Farmacia Veterinaria<\/a><\/div><div class='ufaq-permalink'><a href='https:\/\/forrajeraelizondo.com\/index.php\/faqs-farmacia-veterinaria\/?Display_FAQ=329'>Permalink<div class='ufaq-permalink-image'><\/div><\/a><\/div><\/div><\/div><div class='ufaq-faq-div ufaq-faq-column-count-One ufaq-faq-responsive-columns- ufaq-faq-display-style-Default' id='ufaq-post-Tdd-328-7' data-postid='Tdd-328-7'><div class='ufaq-faq-title ufaq-faq-toggle' id='ufaq-title-328' data-postid='Tdd-328-7'><a class='ewd-ufaq-post-margin'  href='https:\/\/forrajeraelizondo.com\/index.php\/ufaqs\/tengo-un-caballo-que-quiero-vacunar-contara-el-tetano-que-me-recomiendan\/'><div class='ewd-ufaq-post-margin-symbol ' id='ewd-ufaq-post-margin-symbol-Tdd-328-7'><span id='ewd-ufaq-post-symbol-Tdd-328-7'>a<\/span><\/div><div class='ufaq-faq-title-text'><h4>Tengo un caballo que quiero vacunar contara el T\u00e9tano, \u00bfQu\u00e9 me recomiendan?<\/h4><\/div><div class='ewd-ufaq-clear'><\/div><\/a><\/div><div class='ufaq-faq-body ufaq-body-328 ewd-ufaq-hidden' id='ufaq-body-Tdd-328-7'><div class='ewd-ufaq-post-margin ufaq-faq-post' id='ufaq-post-328'><p>Tenemos el Toxoide T\u00e9tanos <\/p>\n<\/div><div class='ufaq-faq-categories' id='ufaq-categories-328'>Category: <a  href='\/index.php\/wp-json\/wp\/v2\/pages\/429?include_category=farmacia-veterinaria'>Farmacia Veterinaria<\/a><\/div><div class='ufaq-permalink'><a href='https:\/\/forrajeraelizondo.com\/index.php\/faqs-farmacia-veterinaria\/?Display_FAQ=328'>Permalink<div class='ufaq-permalink-image'><\/div><\/a><\/div><\/div><\/div><div class='ufaq-faq-div ufaq-faq-column-count-One ufaq-faq-responsive-columns- ufaq-faq-display-style-Default' id='ufaq-post-Tdd-327-8' data-postid='Tdd-327-8'><div class='ufaq-faq-title ufaq-faq-toggle' id='ufaq-title-327' data-postid='Tdd-327-8'><a class='ewd-ufaq-post-margin'  href='https:\/\/forrajeraelizondo.com\/index.php\/ufaqs\/quiero-una-vacuna-con-coronavirus-ustedes-que-manejan\/'><div class='ewd-ufaq-post-margin-symbol ' id='ewd-ufaq-post-margin-symbol-Tdd-327-8'><span id='ewd-ufaq-post-symbol-Tdd-327-8'>a<\/span><\/div><div class='ufaq-faq-title-text'><h4>Quiero una vacuna con coronavirus \u00bfUstedes que manejan?<\/h4><\/div><div class='ewd-ufaq-clear'><\/div><\/a><\/div><div class='ufaq-faq-body ufaq-body-327 ewd-ufaq-hidden' id='ufaq-body-Tdd-327-8'><div class='ewd-ufaq-post-margin ufaq-faq-post' id='ufaq-post-327'><p>Manejamos la La Recombitek C-4 CV y la C-6 CV<\/p>\n<\/div><div class='ufaq-faq-categories' id='ufaq-categories-327'>Category: <a  href='\/index.php\/wp-json\/wp\/v2\/pages\/429?include_category=farmacia-veterinaria'>Farmacia Veterinaria<\/a><\/div><div class='ufaq-permalink'><a href='https:\/\/forrajeraelizondo.com\/index.php\/faqs-farmacia-veterinaria\/?Display_FAQ=327'>Permalink<div class='ufaq-permalink-image'><\/div><\/a><\/div><\/div><\/div><div class='ufaq-faq-div ufaq-faq-column-count-One ufaq-faq-responsive-columns- ufaq-faq-display-style-Default' id='ufaq-post-Tdd-326-9' data-postid='Tdd-326-9'><div class='ufaq-faq-title ufaq-faq-toggle' id='ufaq-title-326' data-postid='Tdd-326-9'><a class='ewd-ufaq-post-margin'  href='https:\/\/forrajeraelizondo.com\/index.php\/ufaqs\/tengo-que-proteger-mi-perrito-con-la-vacuna-quin-triple-moquillo-cuentan-ustedes-con-ella\/'><div class='ewd-ufaq-post-margin-symbol ' id='ewd-ufaq-post-margin-symbol-Tdd-326-9'><span id='ewd-ufaq-post-symbol-Tdd-326-9'>a<\/span><\/div><div class='ufaq-faq-title-text'><h4>Tengo que proteger mi perrito con la vacuna quin triple moquillo, \u00bfCuentan ustedes con ella?<\/h4><\/div><div class='ewd-ufaq-clear'><\/div><\/a><\/div><div class='ufaq-faq-body ufaq-body-326 ewd-ufaq-hidden' id='ufaq-body-Tdd-326-9'><div class='ewd-ufaq-post-margin ufaq-faq-post' id='ufaq-post-326'><p>Si tenemos la vacuna Recombitek  C-4 CV<\/p>\n<\/div><div class='ufaq-faq-categories' id='ufaq-categories-326'>Category: <a  href='\/index.php\/wp-json\/wp\/v2\/pages\/429?include_category=farmacia-veterinaria'>Farmacia Veterinaria<\/a><\/div><div class='ufaq-permalink'><a href='https:\/\/forrajeraelizondo.com\/index.php\/faqs-farmacia-veterinaria\/?Display_FAQ=326'>Permalink<div class='ufaq-permalink-image'><\/div><\/a><\/div><\/div><\/div><div class='ufaq-faq-div ufaq-faq-column-count-One ufaq-faq-responsive-columns- ufaq-faq-display-style-Default' id='ufaq-post-Tdd-325-10' data-postid='Tdd-325-10'><div class='ufaq-faq-title ufaq-faq-toggle' id='ufaq-title-325' data-postid='Tdd-325-10'><a class='ewd-ufaq-post-margin'  href='https:\/\/forrajeraelizondo.com\/index.php\/ufaqs\/quiero-vacunar-mi-perrito-contra-la-rabia-que-me-recomiendan\/'><div class='ewd-ufaq-post-margin-symbol ' id='ewd-ufaq-post-margin-symbol-Tdd-325-10'><span id='ewd-ufaq-post-symbol-Tdd-325-10'>a<\/span><\/div><div class='ufaq-faq-title-text'><h4>Quiero vacunar mi perrito contra la rabia, \u00bfQu\u00e9 me recomiendan?<\/h4><\/div><div class='ewd-ufaq-clear'><\/div><\/a><\/div><div class='ufaq-faq-body ufaq-body-325 ewd-ufaq-hidden' id='ufaq-body-Tdd-325-10'><div class='ewd-ufaq-post-margin ufaq-faq-post' id='ufaq-post-325'><p>Si tenemos IMRAB 3TF y Rabimune.<\/p>\n<\/div><div class='ufaq-faq-categories' id='ufaq-categories-325'>Category: <a  href='\/index.php\/wp-json\/wp\/v2\/pages\/429?include_category=farmacia-veterinaria'>Farmacia Veterinaria<\/a><\/div><div class='ufaq-permalink'><a href='https:\/\/forrajeraelizondo.com\/index.php\/faqs-farmacia-veterinaria\/?Display_FAQ=325'>Permalink<div class='ufaq-permalink-image'><\/div><\/a><\/div><\/div><\/div><\/div><\/div><\/div><\/div><div class='ewd-ufaq-bottom ewd-ufaq-page-type-Load_More' data-currentpage='0'><form><input type='hidden' name='include_category' value='farmacia-veterinaria' id='ufaq-include-category' \/><input type='hidden' name='exclude_category' value='' id='ufaq-exclude-category' \/><input type='hidden' name='orderby' value='date' id='ufaq-orderby' \/><input type='hidden' name='order' value='DESC' id='ufaq-order' \/><input type='hidden' name='post_count' value='-1' id='ufaq-post-count' \/><input type='hidden' name='current_url' value='\/index.php\/wp-json\/wp\/v2\/pages\/429' id='ufaq-current-url' \/><\/form><div class='ewd-ufaq-load-more ewd-ufaq-hidden'><h4>Load More<\/h4><\/div><\/div>[\/vc_column_text][\/vc_column][\/vc_row][vc_row][vc_column][vc_btn title=&#8221;Regresar&#8221; link=&#8221;url:http%3A%2F%2Fforrajeraelizondo.com%2Findex.php%2Ffarmacia-veterinaria%2F|title:Farmacia%20Veterinaria||&#8221;][\/vc_column][\/vc_row]<\/p>\n","protected":false},"excerpt":{"rendered":"<p>[vc_row][vc_column][vc_column_text][\/vc_column_text][\/vc_column][\/vc_row][vc_row][vc_column][vc_btn title=&#8221;Regresar&#8221; link=&#8221;url:http%3A%2F%2Fforrajeraelizondo.com%2Findex.php%2Ffarmacia-veterinaria%2F|title:Farmacia%20Veterinaria||&#8221;][\/vc_column][\/vc_row]<\/p>\n","protected":false},"author":1,"featured_media":0,"parent":0,"menu_order":0,"comment_status":"closed","ping_status":"closed","template":"","meta":[],"_links":{"self":[{"href":"https:\/\/forrajeraelizondo.com\/index.php\/wp-json\/wp\/v2\/pages\/429"}],"collection":[{"href":"https:\/\/forrajeraelizondo.com\/index.php\/wp-json\/wp\/v2\/pages"}],"about":[{"href":"https:\/\/forrajeraelizondo.com\/index.php\/wp-json\/wp\/v2\/types\/page"}],"author":[{"embeddable":true,"href":"https:\/\/forrajeraelizondo.com\/index.php\/wp-json\/wp\/v2\/users\/1"}],"replies":[{"embeddable":true,"href":"https:\/\/forrajeraelizondo.com\/index.php\/wp-json\/wp\/v2\/comments?post=429"}],"version-history":[{"count":2,"href":"https:\/\/forrajeraelizondo.com\/index.php\/wp-json\/wp\/v2\/pages\/429\/revisions"}],"predecessor-version":[{"id":479,"href":"https:\/\/forrajeraelizondo.com\/index.php\/wp-json\/wp\/v2\/pages\/429\/revisions\/479"}],"wp:attachment":[{"href":"https:\/\/forrajeraelizondo.com\/index.php\/wp-json\/wp\/v2\/media?parent=429"}],"curies":[{"name":"wp","href":"https:\/\/api.w.org\/{rel}","templated":true}]}}