{"id":1099,"date":"2020-09-17T17:35:09","date_gmt":"2020-09-17T17:35:09","guid":{"rendered":"https:\/\/forrajeraelizondo.com\/?page_id=1099"},"modified":"2020-09-25T15:04:16","modified_gmt":"2020-09-25T15:04:16","slug":"materias-primas","status":"publish","type":"page","link":"https:\/\/forrajeraelizondo.com\/index.php\/materias-primas\/","title":{"rendered":"Materias Primas"},"content":{"rendered":"<p>[vc_row][vc_column]<div id=\"ultimate-heading-580669e77dc5aad10\" class=\"uvc-heading ult-adjust-bottom-margin ultimate-heading-580669e77dc5aad10 uvc-9804  uvc-heading-default-font-sizes\" data-hspacer=\"line_only\"  data-halign=\"center\" style=\"text-align:center\"><div class=\"uvc-main-heading ult-responsive\"  data-ultimate-target='.uvc-heading.ultimate-heading-580669e77dc5aad10 h2'  data-responsive-json-new='{\"font-size\":\"\",\"line-height\":\"\"}' ><h2 style=\"--font-weight:theme;\">Materias Primas<\/h2><\/div><div class=\"uvc-heading-spacer line_only\" style=\"topheight:1px;\"><span class=\"uvc-headings-line\" style=\"border-style:solid;border-bottom-width:1px;border-color:#1e73be;width:autopx;\"><\/span><\/div><\/div>[vc_empty_space][\/vc_column][\/vc_row][vc_row][vc_column][vc_row_inner][vc_column_inner width=&#8221;1\/4&#8243;][vc_single_image image=&#8221;1128&#8243; img_size=&#8221;full&#8221;][\/vc_column_inner][vc_column_inner width=&#8221;1\/4&#8243;][vc_column_text]<\/p>\n<p style=\"text-align: center;\">Si fabricas tu propio alimento y te esta haciendo falta alg\u00fan insumo (semilla de algod\u00f3n, ma\u00edz, sorgo, otro) aqu\u00ed puedes encontrarlo.<\/p>\n<p>[\/vc_column_text][\/vc_column_inner][vc_column_inner width=&#8221;1\/4&#8243;][vc_single_image image=&#8221;1129&#8243; img_size=&#8221;full&#8221;][\/vc_column_inner][vc_column_inner width=&#8221;1\/4&#8243;][vc_column_text]<\/p>\n<p style=\"text-align: center;\">Eres engordador de ganado y necesitas materias primas con servicio de entrega y descarga en tiempo y forma, nosotros lo proporcionamos.<\/p>\n<p>[\/vc_column_text][\/vc_column_inner][\/vc_row_inner][vc_row_inner][vc_column_inner width=&#8221;1\/4&#8243;][vc_empty_space][vc_column_text]<\/p>\n<p style=\"text-align: center;\">Estas buscando ma\u00edz entero, quebrado o molido para complementar la dieta de tu ganado, nosotros lo tenemos.<\/p>\n<p>[\/vc_column_text][\/vc_column_inner][vc_column_inner width=&#8221;1\/4&#8243;][vc_single_image image=&#8221;1130&#8243; img_size=&#8221;full&#8221;][\/vc_column_inner][vc_column_inner width=&#8221;1\/4&#8243;][vc_column_text]<\/p>\n<p style=\"text-align: center;\">Tienes un rancho cineg\u00e9tico y requieres un alimento que mejore las cornamentas de tus venados, nosotros contamos con semillas de algod\u00f3n y ma\u00edz virginiano para esto.<\/p>\n<p>[\/vc_column_text][\/vc_column_inner][vc_column_inner width=&#8221;1\/4&#8243;][vc_single_image image=&#8221;1131&#8243; img_size=&#8221;full&#8221;][\/vc_column_inner][\/vc_row_inner][vc_empty_space height=&#8221;30px&#8221;][vc_separator border_width=&#8221;3&#8243;][\/vc_column][\/vc_row][vc_row][vc_column]<div id=\"ultimate-heading-391969e77dc5aad73\" class=\"uvc-heading ult-adjust-bottom-margin ultimate-heading-391969e77dc5aad73 uvc-8049  uvc-heading-default-font-sizes\" data-hspacer=\"no_spacer\"  data-halign=\"center\" style=\"text-align:center\"><div class=\"uvc-heading-spacer no_spacer\" style=\"top\"><\/div><div class=\"uvc-main-heading ult-responsive\"  data-ultimate-target='.uvc-heading.ultimate-heading-391969e77dc5aad73 h2'  data-responsive-json-new='{\"font-size\":\"\",\"line-height\":\"\"}' ><h2 style=\"--font-weight:theme;\">Ma\u00edz<\/h2><\/div><\/div>[\/vc_column][\/vc_row][vc_row][vc_column][vc_row_inner][vc_column_inner width=&#8221;1\/3&#8243;][vc_single_image image=&#8221;1140&#8243; img_size=&#8221;230&#215;210&#8243; alignment=&#8221;center&#8221;][vc_column_text]<\/p>\n<div id=\"comp-kec6viwf\" class=\"txtNew\" data-packed=\"true\" data-vertical-text=\"false\">\n<h2 class=\"font_2\" style=\"text-align: center;\">Ma\u00edz Entero<\/h2>\n<\/div>\n<div id=\"comp-kec7juow\" class=\"txtNew\" style=\"text-align: center;\" data-packed=\"true\" data-vertical-text=\"false\"><\/div>\n<p>[\/vc_column_text][\/vc_column_inner][vc_column_inner width=&#8221;1\/3&#8243;][vc_single_image image=&#8221;1151&#8243; img_size=&#8221;230&#215;210&#8243; alignment=&#8221;center&#8221;][vc_column_text]<\/p>\n<div id=\"comp-kec6w3ki\" class=\"txtNew\" data-packed=\"true\" data-vertical-text=\"false\">\n<h2 class=\"font_2\" style=\"text-align: center;\">Ma\u00edz Quebrado<\/h2>\n<\/div>\n<div id=\"comp-kec7jupe\" class=\"txtNew\" style=\"text-align: center;\" data-packed=\"true\" data-vertical-text=\"false\"><\/div>\n<p>[\/vc_column_text][\/vc_column_inner][vc_column_inner width=&#8221;1\/3&#8243;][vc_single_image image=&#8221;1151&#8243; img_size=&#8221;230&#215;210&#8243; alignment=&#8221;center&#8221;][vc_column_text]<\/p>\n<div id=\"comp-kec6wqwc\" class=\"txtNew\" data-packed=\"true\" data-vertical-text=\"false\">\n<h2 class=\"font_2\" style=\"text-align: center;\">Ma\u00edz Molido<\/h2>\n<\/div>\n<div id=\"comp-kec7juph1\" class=\"txtNew\" style=\"text-align: center;\" data-packed=\"true\" data-vertical-text=\"false\"><\/div>\n<p>[\/vc_column_text][\/vc_column_inner][\/vc_row_inner][vc_empty_space][vc_row_inner][vc_column_inner width=&#8221;1\/3&#8243;][vc_single_image image=&#8221;1152&#8243; img_size=&#8221;230&#215;210&#8243; alignment=&#8221;center&#8221;][vc_column_text]<\/p>\n<div id=\"comp-kec6viwf\" class=\"txtNew\" data-packed=\"true\" data-vertical-text=\"false\">\n<h2 class=\"font_2\" style=\"text-align: center;\">Sorgo<\/h2>\n<\/div>\n<div id=\"comp-kec7juow\" class=\"txtNew\" style=\"text-align: center;\" data-packed=\"true\" data-vertical-text=\"false\"><\/div>\n<p>[\/vc_column_text][\/vc_column_inner][vc_column_inner width=&#8221;1\/3&#8243;][vc_single_image image=&#8221;1153&#8243; img_size=&#8221;230&#215;210&#8243; alignment=&#8221;center&#8221;][vc_column_text]<\/p>\n<div id=\"comp-kec6w3ki\" class=\"txtNew\" data-packed=\"true\" data-vertical-text=\"false\">\n<h2 class=\"font_2\" style=\"text-align: center;\">Harinolina<\/h2>\n<\/div>\n<div id=\"comp-kec7jupe\" class=\"txtNew\" style=\"text-align: center;\" data-packed=\"true\" data-vertical-text=\"false\"><\/div>\n<p>[\/vc_column_text][\/vc_column_inner][vc_column_inner width=&#8221;1\/3&#8243;][vc_single_image image=&#8221;1154&#8243; img_size=&#8221;230&#215;210&#8243; alignment=&#8221;center&#8221;][vc_column_text]<\/p>\n<div id=\"comp-kec6wqwc\" class=\"txtNew\" data-packed=\"true\" data-vertical-text=\"false\">\n<h2 class=\"font_2\" style=\"text-align: center;\">Cascara de Soya<\/h2>\n<\/div>\n<div id=\"comp-kec7juph1\" class=\"txtNew\" style=\"text-align: center;\" data-packed=\"true\" data-vertical-text=\"false\"><\/div>\n<p>[\/vc_column_text][\/vc_column_inner][\/vc_row_inner][vc_empty_space][vc_row_inner][vc_column_inner width=&#8221;1\/3&#8243;][vc_single_image image=&#8221;1157&#8243; img_size=&#8221;230&#215;210&#8243; alignment=&#8221;center&#8221;][vc_column_text]<\/p>\n<div id=\"comp-kec6viwf\" class=\"txtNew\" data-packed=\"true\" data-vertical-text=\"false\">\n<h2 class=\"font_2\" style=\"text-align: center;\">Cascarilla de algod\u00f3n<\/h2>\n<\/div>\n<p>[\/vc_column_text][\/vc_column_inner][vc_column_inner width=&#8221;1\/3&#8243;][vc_single_image image=&#8221;1158&#8243; img_size=&#8221;230&#215;210&#8243; alignment=&#8221;center&#8221;][vc_column_text]<\/p>\n<div id=\"comp-kec6w3ki\" class=\"txtNew\" data-packed=\"true\" data-vertical-text=\"false\">\n<h2 class=\"font_2\" style=\"text-align: center;\">Semilla de algod\u00f3n<\/h2>\n<\/div>\n<div id=\"comp-kec7jupe\" class=\"txtNew\" style=\"text-align: center;\" data-packed=\"true\" data-vertical-text=\"false\"><\/div>\n<p>[\/vc_column_text][\/vc_column_inner][vc_column_inner width=&#8221;1\/3&#8243;][vc_single_image image=&#8221;1159&#8243; img_size=&#8221;230&#215;210&#8243; alignment=&#8221;center&#8221;][vc_column_text]<\/p>\n<div id=\"comp-kec6wqwc\" class=\"txtNew\" data-packed=\"true\" data-vertical-text=\"false\">\n<h2 class=\"font_2\" style=\"text-align: center;\">Salvado de trigo<\/h2>\n<\/div>\n<div id=\"comp-kec7juph1\" class=\"txtNew\" style=\"text-align: center;\" data-packed=\"true\" data-vertical-text=\"false\"><\/div>\n<p>[\/vc_column_text][\/vc_column_inner][\/vc_row_inner][vc_empty_space][vc_row_inner][vc_column_inner width=&#8221;1\/3&#8243;][vc_single_image image=&#8221;1160&#8243; img_size=&#8221;230&#215;210&#8243; alignment=&#8221;center&#8221;][vc_column_text]<\/p>\n<div id=\"comp-kec6viwf\" class=\"txtNew\" data-packed=\"true\" data-vertical-text=\"false\">\n<div id=\"comp-kec7jupt\" class=\"txtNew\" data-packed=\"true\" data-vertical-text=\"false\">\n<h2 class=\"font_2\" style=\"text-align: center;\">Grano Seco<\/h2>\n<\/div>\n<div id=\"comp-kec7mhfh\" class=\"ca1\" title=\"\" data-is-responsive=\"false\" data-display-mode=\"fill\" data-content-padding-horizontal=\"0\" data-content-padding-vertical=\"0\" data-exact-height=\"218\">\n<div id=\"comp-kec7mhfhlink\" class=\"ca1link\"><\/div>\n<\/div>\n<\/div>\n<p>[\/vc_column_text][\/vc_column_inner][vc_column_inner width=&#8221;1\/3&#8243;][vc_single_image image=&#8221;1161&#8243; img_size=&#8221;230&#215;210&#8243; alignment=&#8221;center&#8221;][vc_column_text]<\/p>\n<div id=\"comp-kec6w3ki\" class=\"txtNew\" data-packed=\"true\" data-vertical-text=\"false\">\n<h2 class=\"font_2\" style=\"text-align: center;\">Sal en Grano<\/h2>\n<\/div>\n<div id=\"comp-kec7jupe\" class=\"txtNew\" style=\"text-align: center;\" data-packed=\"true\" data-vertical-text=\"false\"><\/div>\n<p>[\/vc_column_text][\/vc_column_inner][vc_column_inner width=&#8221;1\/3&#8243;][vc_single_image image=&#8221;1162&#8243; img_size=&#8221;230&#215;210&#8243; alignment=&#8221;center&#8221;][vc_column_text]<\/p>\n<div id=\"comp-kec6wqwc\" class=\"txtNew\" data-packed=\"true\" data-vertical-text=\"false\">\n<h2 class=\"font_2\" style=\"text-align: center;\">Alfalfa<\/h2>\n<\/div>\n<div id=\"comp-kec7juph1\" class=\"txtNew\" style=\"text-align: center;\" data-packed=\"true\" data-vertical-text=\"false\"><\/div>\n<p>[\/vc_column_text][\/vc_column_inner][\/vc_row_inner][vc_empty_space][vc_column_text]<\/p>\n<h4 style=\"text-align: center;\">*Todos estos productos se venden en saco y a granel.<\/h4>\n<p>[\/vc_column_text][vc_empty_space height=&#8221;10px&#8221;][\/vc_column][\/vc_row][vc_row][vc_column]<div class=\" ubtn-ctn-left radio\"><button type=\"button\" id=\"ubtn-5479\"  class=\"ubtn ult-adjust-bottom-margin ult-responsive ubtn-block ubtn-no-hover-bg  none  ubtn-left radio  tooltip-69e77dc5aadd1\"  data-hover=\"\" data-border-color=\"\" data-bg=\"#d8b300\" data-hover-bg=\"\" data-border-hover=\"\" data-shadow-hover=\"\" data-shadow-click=\"none\" data-shadow=\"\" data-shd-shadow=\"\"  data-ultimate-target='#ubtn-5479'  data-responsive-json-new='{\"font-size\":\"desktop:20px;\",\"line-height\":\"\"}'  style=\"font-weight:normal;border:none;background: #d8b300;color: #ffffff;\"><span class=\"ubtn-hover\" style=\"background-color:\"><\/span><span class=\"ubtn-data ubtn-text \" >En Forrajera Elizondo estamos para servirle<\/span><\/button><\/div>[vc_row_inner][vc_column_inner width=&#8221;1\/3&#8243;][vc_btn title=&#8221;LL\u00c1MANOS&#8221; align=&#8221;center&#8221; i_icon_fontawesome=&#8221;fas fa-phone-alt&#8221; add_icon=&#8221;true&#8221; link=&#8221;url:tel%3A8183862197|||&#8221;][\/vc_column_inner][vc_column_inner width=&#8221;1\/3&#8243;][vc_btn title=&#8221;CONT\u00c1CTANOS&#8221; align=&#8221;center&#8221; i_icon_fontawesome=&#8221;fas fa-envelope&#8221; add_icon=&#8221;true&#8221; link=&#8221;url:http%3A%2F%2Fforrajeraelizondo.com%2Findex.php%2Fcontacto%2F|||&#8221;][\/vc_column_inner][vc_column_inner width=&#8221;1\/3&#8243;][vc_btn title=&#8221;PREGUNTAS&#8221; align=&#8221;center&#8221; i_icon_fontawesome=&#8221;fas fa-question-circle&#8221; add_icon=&#8221;true&#8221;][\/vc_column_inner][\/vc_row_inner][\/vc_column][\/vc_row][vc_row][vc_column]<div class=\"dt-fancy-separator h2-size\" style=\"width: 100%;\"><div class=\"dt-fancy-title\" style=\"color: #0c0c0c;\"><span class=\"separator-holder separator-left\"><\/span>Nuestros Productos<span class=\"separator-holder separator-right\"><\/span><\/div><\/div>[\/vc_column][\/vc_row][vc_row][vc_column width=&#8221;1\/4&#8243;][vc_single_image image=&#8221;597&#8243; img_size=&#8221;full&#8221; alignment=&#8221;center&#8221; onclick=&#8221;custom_link&#8221; link=&#8221;http:\/\/forrajeraelizondo.com\/index.php\/materias-primas\/&#8221;][vc_column_text]<\/p>\n<h4 style=\"text-align: center;\"><a href=\"http:\/\/forrajeraelizondo.com\/index.php\/materias-primas\/\">Materias Primas<\/a><\/h4>\n<p>[\/vc_column_text][\/vc_column][vc_column width=&#8221;1\/4&#8243;][vc_single_image image=&#8221;610&#8243; img_size=&#8221;full&#8221; alignment=&#8221;center&#8221; onclick=&#8221;custom_link&#8221; link=&#8221;http:\/\/forrajeraelizondo.com\/index.php\/alimentos-sub-menu\/&#8221;][vc_column_text]<\/p>\n<h4 style=\"text-align: center;\"><a href=\"http:\/\/forrajeraelizondo.com\/index.php\/alimentos-sub-menu\/\"><strong>Alimentos<\/strong><\/a><\/h4>\n<p>[\/vc_column_text][\/vc_column][vc_column width=&#8221;1\/4&#8243;][vc_single_image image=&#8221;609&#8243; img_size=&#8221;full&#8221; alignment=&#8221;center&#8221; onclick=&#8221;custom_link&#8221; link=&#8221;http:\/\/forrajeraelizondo.com\/index.php\/mascotas\/&#8221;][vc_column_text]<\/p>\n<h4 style=\"text-align: center;\"><a href=\"http:\/\/forrajeraelizondo.com\/index.php\/mascotas\/\">Mascotas<\/a><\/h4>\n<p>[\/vc_column_text][\/vc_column][vc_column width=&#8221;1\/4&#8243;][vc_single_image image=&#8221;591&#8243; img_size=&#8221;full&#8221; alignment=&#8221;center&#8221; onclick=&#8221;custom_link&#8221; link=&#8221;http:\/\/forrajeraelizondo.com\/index.php\/semillas-agricolas\/&#8221;][vc_column_text]<\/p>\n<h4 style=\"text-align: center;\"><a href=\"http:\/\/forrajeraelizondo.com\/index.php\/semillas-agricolas\/\">Semillas<\/a><\/h4>\n<p>[\/vc_column_text][\/vc_column][\/vc_row][vc_row][vc_column][vc_empty_space][\/vc_column][\/vc_row][vc_row][vc_column width=&#8221;1\/4&#8243;][vc_single_image image=&#8221;592&#8243; img_size=&#8221;full&#8221; alignment=&#8221;center&#8221; onclick=&#8221;custom_link&#8221; link=&#8221;http:\/\/forrajeraelizondo.com\/index.php\/fertilizantes-agricolas\/&#8221;][vc_column_text]<\/p>\n<h4 style=\"text-align: center;\"><a href=\"http:\/\/forrajeraelizondo.com\/index.php\/fertilizantes-agricolas\/\">Fertilizantes<\/a><\/h4>\n<p>[\/vc_column_text][\/vc_column][vc_column width=&#8221;1\/4&#8243;][vc_single_image image=&#8221;593&#8243; img_size=&#8221;full&#8221; alignment=&#8221;center&#8221; onclick=&#8221;custom_link&#8221; link=&#8221;http:\/\/forrajeraelizondo.com\/index.php\/plagicidas-agricolas\/&#8221;][vc_column_text]<\/p>\n<h4 style=\"text-align: center;\"><a href=\"http:\/\/forrajeraelizondo.com\/index.php\/plagicidas-agricolas\/\">Plagicidas<\/a><\/h4>\n<p>[\/vc_column_text][\/vc_column][vc_column width=&#8221;1\/4&#8243;][vc_single_image image=&#8221;594&#8243; img_size=&#8221;full&#8221; alignment=&#8221;center&#8221; onclick=&#8221;custom_link&#8221; link=&#8221;http:\/\/forrajeraelizondo.com\/index.php\/articulos-para-caballo\/&#8221;][vc_column_text]<\/p>\n<h4 style=\"text-align: center;\"><a href=\"http:\/\/forrajeraelizondo.com\/index.php\/farmacia-veterinaria\/\">Farmacia<\/a><\/h4>\n<p>[\/vc_column_text][\/vc_column][vc_column width=&#8221;1\/4&#8243;][vc_single_image image=&#8221;608&#8243; img_size=&#8221;full&#8221; alignment=&#8221;center&#8221; onclick=&#8221;custom_link&#8221; link=&#8221;http:\/\/forrajeraelizondo.com\/index.php\/articulos-para-caballo\/&#8221;][vc_column_text]<\/p>\n<h4 style=\"text-align: center;\"><a href=\"http:\/\/forrajeraelizondo.com\/index.php\/articulos-para-caballo\/\">Accesorios<\/a><\/h4>\n<p>[\/vc_column_text][\/vc_column][\/vc_row]<\/p>\n","protected":false},"excerpt":{"rendered":"<p>[vc_row][vc_column][vc_empty_space][\/vc_column][\/vc_row][vc_row][vc_column][vc_row_inner][vc_column_inner width=&#8221;1\/4&#8243;][vc_single_image image=&#8221;1128&#8243; img_size=&#8221;full&#8221;][\/vc_column_inner][vc_column_inner width=&#8221;1\/4&#8243;][vc_column_text] Si fabricas tu propio alimento y te esta haciendo falta alg\u00fan insumo (semilla de algod\u00f3n, ma\u00edz, sorgo, otro) aqu\u00ed puedes encontrarlo. [\/vc_column_text][\/vc_column_inner][vc_column_inner width=&#8221;1\/4&#8243;][vc_single_image image=&#8221;1129&#8243; img_size=&#8221;full&#8221;][\/vc_column_inner][vc_column_inner width=&#8221;1\/4&#8243;][vc_column_text] Eres engordador de ganado y necesitas materias primas con servicio de entrega y descarga en tiempo y forma, nosotros lo proporcionamos. [\/vc_column_text][\/vc_column_inner][\/vc_row_inner][vc_row_inner][vc_column_inner width=&#8221;1\/4&#8243;][vc_empty_space][vc_column_text] Estas&hellip;<\/p>\n","protected":false},"author":1,"featured_media":0,"parent":0,"menu_order":0,"comment_status":"closed","ping_status":"closed","template":"","meta":[],"_links":{"self":[{"href":"https:\/\/forrajeraelizondo.com\/index.php\/wp-json\/wp\/v2\/pages\/1099"}],"collection":[{"href":"https:\/\/forrajeraelizondo.com\/index.php\/wp-json\/wp\/v2\/pages"}],"about":[{"href":"https:\/\/forrajeraelizondo.com\/index.php\/wp-json\/wp\/v2\/types\/page"}],"author":[{"embeddable":true,"href":"https:\/\/forrajeraelizondo.com\/index.php\/wp-json\/wp\/v2\/users\/1"}],"replies":[{"embeddable":true,"href":"https:\/\/forrajeraelizondo.com\/index.php\/wp-json\/wp\/v2\/comments?post=1099"}],"version-history":[{"count":38,"href":"https:\/\/forrajeraelizondo.com\/index.php\/wp-json\/wp\/v2\/pages\/1099\/revisions"}],"predecessor-version":[{"id":1178,"href":"https:\/\/forrajeraelizondo.com\/index.php\/wp-json\/wp\/v2\/pages\/1099\/revisions\/1178"}],"wp:attachment":[{"href":"https:\/\/forrajeraelizondo.com\/index.php\/wp-json\/wp\/v2\/media?parent=1099"}],"curies":[{"name":"wp","href":"https:\/\/api.w.org\/{rel}","templated":true}]}}